.
12
Suppose -3*z + 7*z - 52 = 0. Calculate the highest common factor of z and 221.
13
Suppose 20*p + 44 - 824 = 0. Let h be (-262)/(-10) - (-2)/(-10). What is the greatest common factor of h and p?
13
Suppose -6*a = -4*f - a - 62, 2*a - 68 = 4*f. Let r(i) = i + 42. Let n be r(f). Calculate the greatest common divisor of 12 and n.
12
Suppose 2*o - 6*o = -20. Suppose 48 = 3*i - o*s, 43 = 5*i - 3*s + 7*s. Calculate the highest common divisor of 33 and i.
11
Let a be 186/18 - (-14)/21. What is the greatest common factor of a and 99?
11
Let z be (33 + -25)*6/8. Calculate the greatest common factor of 54 and z.
6
Let i = 514 + -444. Let g(o) = -o**3 - o**2 + 2*o + 2. Let t be g(-3). Calculate the highest common factor of t and i.
14
Let s be (-27)/30*-6 + (-3)/(-5). Let p be s*(50/4 - 2). What is the highest common divisor of 42 and p?
21
Let a = 125 + -122. Suppose 0 = -a*v - 3*v + 330. What is the greatest common divisor of 5 and v?
5
Let r be 11/(-22)*18232/(-2). Let k be 18/171 + r/19. Calculate the highest common divisor of k and 12.
12
Let q be (-135)/18*(3 - (-25)/(-3)). What is the highest common divisor of q and 250?
10
Suppose 16 = 2*r - w, -2*w + 21 = 5*r - 1. Calculate the greatest common divisor of 39 and r.
3
Suppose -p - 1 + 13 = 4*b, -71 = -3*p - 5*b. Let d = -18 + p. Let x = 9 - -61. What is the highest common divisor of x and d?
14
Let t be ((-3861)/12)/(-9)*(2 + 2). Let h = 1 + 12. Calculate the highest common factor of t and h.
13
Suppose 12*x + 3*x = 1485. Calculate the highest common factor of x and 33.
33
Let s = 157 - 139. Suppose s*p - 10*p - 24 = 0. What is the highest common factor of 24 and p?
3
Let b = -15 - -15. Let p(c) = -46*c + 22. Let o be p(-5). Suppose 18*q - 15*q - o = b. What is the greatest common divisor of q and 21?
21
Let q be 42*(1 + 1) + 4. Suppose 12*x - 70 = 17*x. Let t = 25 + x. Calculate the highest common divisor of t and q.
11
Let m(i) = -i**3 + 11*i**2 - 5*i - 4. Let t be m(10). Let h = -40 + t. What is the highest common factor of h and 15?
3
Let f(m) = -48*m - 78. Let u be f(-6). What is the greatest common divisor of 28 and u?
14
Suppose 4*h = -4*k + 496, -12*h - k - 364 = -15*h. What is the highest common factor of 61 and h?
61
Let b = -10 + 0. Let j be 4/b + 12384/(-90). Let f = 193 + j. What is the greatest common divisor of 5 and f?
5
Let c = 8 + -3. Let u(d) be the first derivative of 11*d**2/2 - 3*d + 89. Let z be u(c). Calculate the greatest common factor of 13 and z.
13
Let j be 6/(-54)*-24*54. Calculate the highest common factor of 108 and j.
36
Let r(k) = -2*k**2 - 47*k + 13. Let f be r(-23). Let h = -1 + 2. Let z be (h - (2 - -5))*-3. What is the highest common factor of z and f?
18
Let t(u) = -4*u + 64. Let m be t(4). Calculate the greatest common factor of m and 272.
16
Let w = 110 + 184. What is the greatest common divisor of 6 and w?
6
Let k(r) = 2*r. Let u be k(0). Suppose 3*x - 208 + 28 = u. What is the greatest common factor of 15 and x?
15
Let p be ((-72)/63*6)/(2/(-14)). Let h = 123 + -51. What is the highest common divisor of h and p?
24
Let c = -895 - -1123. Calculate the greatest common divisor of c and 12.
12
Let s = 9 - 3. Suppose -2*u = -3*a + 15, -2*a - 3 = -5*u - 2. Suppose a*t - 72 + 9 = 0. What is the greatest common divisor of s and t?
3
Let v = -35 + 57. Let h(t) = 26*t**2 + t - 1. Let x be h(1). Let k = x - v. Calculate the highest common divisor of 4 and k.
4
Suppose 869 + 319 = 36*o. Calculate the greatest common divisor of 121 and o.
11
Suppose 2*w = -w + 258. Suppose w = 2*l + 74. What is the greatest common factor of 4 and l?
2
Let u be -115*(16/(-40) + -3). Calculate the greatest common divisor of 23 and u.
23
Let q(j) = j**3 + 21*j**2 + 22*j + 28. Let k be q(-20). Let p = k - -15. What is the greatest common divisor of p and 6?
3
Suppose 5*o = -5*i + 4 + 16, 0 = 3*o + 4*i - 13. Suppose -4*j + 62 = -12*z + 14*z, -2*j = 5*z - 115. Calculate the highest common factor of z and o.
3
Suppose -2096 = -46*y + 1584. Calculate the greatest common factor of y and 24.
8
Suppose 0 = s - 0*s - 4*d + 42, -210 = 5*s + 4*d. Let l = s - -50. Calculate the greatest common factor of l and 12.
4
Let h(t) = 28*t**2 + 38*t - 52. Let v be h(6). Calculate the greatest common divisor of v and 111.
37
Suppose -6*l + 60 = -2*l + 2*x, -10 = 5*x. What is the highest common divisor of 46 and l?
2
Suppose 5*m - 4 = -y, -3*y + 3*m = -2*m - 92. Suppose -3*d - 323 - 49 = 0. Let r be 42/(-105) - d/10. Calculate the highest common divisor of r and y.
12
Let y = 394 + -259. What is the highest common factor of y and 54?
27
Let t be (-2*15/(-18))/((-5)/(-18)). Suppose -t*w + 271 = -689. Suppose 2*p - 4*p + 40 = 0. Calculate the highest common divisor of w and p.
20
Let b be (-140)/(-21)*((-5)/2 - -4). Let g = -11 - -21. Calculate the highest common factor of g and b.
10
Let m(t) = -t**3 - t + 4. Let q be m(-3). Suppose 0 = -3*n + n - 20. Let z be (n/(-4))/(17/578). Calculate the highest common divisor of z and q.
17
Let j = 1969 + -1315. Calculate the highest common factor of 12 and j.
6
Suppose 15 = -5*z, 6*j - 327 = 2*j + z. Suppose 0 = -a + 2, 2*a - a - 272 = -5*b. Calculate the highest common factor of j and b.
27
Suppose -6*i + i = -45. Suppose -3*j + 6*j + 6 = 0. Let s be -3 - (1 - 11) - j. Calculate the highest common divisor of i and s.
9
Let t(n) = -6*n**3 + 7*n**2 - 6*n - 6. Let v be t(-1). Calculate the highest common factor of v and 442.
13
Suppose 2*g + 36 = 3*y + 4*g, 25 = 4*y - 5*g. Let t be 1*(55/11 - 1). What is the greatest common factor of y and t?
2
Suppose -5*s - 3*c + 815 = -0*s, 4*c - 660 = -4*s. Calculate the greatest common factor of 10 and s.
10
Suppose -9 = -3*a - r, 5*a - a - 4*r = 28. Suppose -3*h + 0*o + 18 = 4*o, 0 = -a*h - 5*o + 23. Calculate the highest common divisor of 1 and h.
1
Let b(q) = q**3 + 37*q**2 + 37*q + 57. Let d be b(-36). Calculate the greatest common factor of d and 15.
3
Let s be -3 + (1 - -98)/1. Suppose -81 = -2*c - 3*l, -2*l + 0*l + 182 = 4*c. Calculate the highest common divisor of c and s.
48
Suppose -4*q + 13 - 117 = 0. Let n = q - -22. Let w be n/14 - 3520/(-70). What is the greatest common factor of 10 and w?
10
Suppose 1185 = 4*l + 5*i, 0*l + 315 = l + 5*i. Calculate the greatest common factor of l and 464.
58
Let a = 111 + -99. What is the greatest common factor of a and 708?
12
Let r(h) = 32*h + 4. Let m be r(4). Let u(t) = t + 19. Let g = 81 + -88. Let o be u(g). What is the highest common divisor of o and m?
12
Let v = -4 - -5. Suppose -w - 3*j = 2*j - 10, -5*w + 4*j = 8. Let s(o) = -o**2 + 4. Let f be s(w). What is the greatest common divisor of v and f?
1
Let i = -86 - -159. Suppose 0 = 3*o - 101 - i. Calculate the greatest common factor of 87 and o.
29
Let d(q) = -q**2 + 22*q - 23. Let o be d(11). Let p = o + -26. Calculate the greatest common divisor of p and 48.
24
Let k(z) = -3*z**3 + 50*z**2 + 23*z - 34. Let u be k(17). Suppose -4*s + w + 140 = 0, 2*s = w + 3*w + 84. Calculate the highest common divisor of s and u.
34
Let g(v) = -v**2 - 7*v - 1. Suppose 30 = -5*k - 4*q, -7*q + 3*q = -4*k - 24. Let w be g(k). Let r = 76 - 36. Calculate the highest common divisor of r and w.
5
Let r = -126 + 186. What is the highest common factor of 690 and r?
30
Let o be (7/2)/(0 - (-1)/22). Suppose -5*w = -323 - o. What is the highest common factor of w and 5?
5
Let q(o) = 17*o - 4*o - 6 - 7*o. Let v be q(5). Let l(s) = -s**2 - 12*s. Let z be l(-6). What is the greatest common factor of v and z?
12
Let w be 6 + (7 - 4/4) - 0. Calculate the greatest common factor of w and 1236.
12
Let c be (5*-1)/(2/(-8)). Let z be (-100)/2*(-24)/75*10. Calculate the greatest common divisor of z and c.
20
Let c be 0*((-14)/(-6) + -3 + 1). Suppose c = -5*w + 130 - 35. What is the greatest common factor of 152 and w?
19
Let o(g) = 33*g**2 - g**3 + 3*g + 4*g - 26*g**2 + 6. Let u be o(7). Let m be 195/9 - (-2)/6. What is the highest common factor of m and u?
11
Suppose -13*i + 36 = -4*i. Suppose i*y = -11*y + 360. What is the greatest common factor of y and 8?
8
Suppose 3*l - l - 144 = 0. Let b be (-7)/49 + l/14. Suppose 18 = 4*t - 3*t - v, 0 = b*t - 4*v - 94. What is the highest common divisor of t and 2?
2
Let i(a) = -153*a - 226. Let w be i(-2). What is th